{"id":194,"date":"2018-05-18T12:26:39","date_gmt":"2018-05-18T10:26:39","guid":{"rendered":"https:\/\/swo.vavyskov.cz\/wordpress\/?page_id=194"},"modified":"2020-03-01T21:34:36","modified_gmt":"2020-03-01T20:34:36","slug":"navigace","status":"publish","type":"page","link":"https:\/\/swo.vavyskov.cz\/wordpress\/uspesny-web\/navrh\/navigace\/","title":{"rendered":"Navigace"},"content":{"rendered":"\n<figure class=\"wp-block-gallery columns-1 is-cropped wp-block-gallery-2\"><ul class=\"blocks-gallery-grid\"><li class=\"blocks-gallery-item\"><figure><img loading=\"lazy\" decoding=\"async\" width=\"1024\" height=\"768\" src=\"\/wordpress\/wp-content\/uploads\/2020\/02\/navigace-1024x768.jpeg\" alt=\"Navigace\" data-id=\"510\" class=\"wp-image-510 is-layout-flex wp-block-gallery-is-layout-flex\" srcset=\"https:\/\/swo.vavyskov.cz\/wordpress\/wp-content\/uploads\/2020\/02\/navigace-1024x768.jpeg 1024w, https:\/\/swo.vavyskov.cz\/wordpress\/wp-content\/uploads\/2020\/02\/navigace-300x225.jpeg 300w, https:\/\/swo.vavyskov.cz\/wordpress\/wp-content\/uploads\/2020\/02\/navigace-768x576.jpeg 768w, https:\/\/swo.vavyskov.cz\/wordpress\/wp-content\/uploads\/2020\/02\/navigace-1536x1152.jpeg 1536w, https:\/\/swo.vavyskov.cz\/wordpress\/wp-content\/uploads\/2020\/02\/navigace-scaled.jpeg 2048w\" sizes=\"auto, (max-width: 767px) 89vw, (max-width: 1000px) 54vw, (max-width: 1071px) 543px, 580px\" \/><\/figure><\/li><\/ul><\/figure>\n\n\n\n<p>Navigace&nbsp;umo\u017e\u0148uje&nbsp;<strong>propojit obsah<\/strong>:<\/p>\n\n\n\n<ul class=\"wp-block-list\"><li>zp\u0159\u00edstup\u0148uje p\u0159ehlednou strukturu nejd\u016fle\u017eit\u011bj\u0161\u00edch oblast\u00ed webu<\/li><li>nab\u00edz\u00ed n\u00e1v\u0161t\u011bvn\u00edk\u016fm orienta\u010dn\u00ed pl\u00e1n (mapu webu)<\/li><\/ul>\n\n\n\n<h2 class=\"wp-block-heading\">Kontaktn\u00ed str\u00e1nka (podrobn\u011b)<\/h2>\n\n\n\n<p>Firma:<\/p>\n\n\n\n<ul class=\"wp-block-list\"><li>n\u00e1zev, adresa, fotografie budovy, telefon, kontaktn\u00ed formul\u00e1\u0159 (e-mail) v\u010detn\u011b p\u0159\u00edloh, chat<\/li><li>soci\u00e1ln\u00ed s\u00edt\u011b (Facebook, Twitter, LinkedIn)<\/li><li>provozn\u00ed doba<\/li><li>doprava (MHD, auto, p\u011b\u0161ky), mo\u017enosti parkov\u00e1n\u00ed<\/li><\/ul>\n\n\n\n<p>Kontaktn\u00ed osoby:<\/p>\n\n\n\n<ul class=\"wp-block-list\"><li>fotografie, jm\u00e9no, funkce, odpov\u011bdnost, vzd\u011bl\u00e1n\u00ed, specializace, zku\u0161enosti, projekty, p\u0159edchoz\u00ed zam\u011bstn\u00e1n\u00ed, bydli\u0161t\u011b<\/li><li>osobn\u00ed informace (z\u00e1jmy, dovolen\u00e1, rodina, sport)<\/li><\/ul>\n\n\n\n<h2 class=\"wp-block-heading\">\u00davodn\u00ed str\u00e1nka<\/h2>\n\n\n\n<p>Vstupn\u00ed str\u00e1nka (\u00favod, dom\u016f):<\/p>\n\n\n\n<ul class=\"wp-block-list\"><li>C\u00edlem je n\u00e1v\u0161t\u011bvn\u00edka <strong>zaujmout<\/strong><ul><li>Logo<\/li><li>N\u00e1zev<\/li><li>Slogan<\/li><li>Aktuality<\/li><\/ul><\/li><li>D\u016fvod k&nbsp;n\u00e1vratu:<ul><li>aktuality<\/li><li>novinky<\/li><li>ud\u00e1losti<\/li><li>propaga\u010dn\u00ed akce<\/li><li>speci\u00e1ln\u00ed nab\u00eddky<\/li><\/ul><\/li><\/ul>\n\n\n\n<p><strong>Kdo jsme<\/strong>&nbsp;\u2013 prezentovat svoji odbornost, sv\u00e9 schopnosti, dovednosti, zku\u0161enosti atd.<\/p>\n\n\n\n<ul class=\"wp-block-list\"><li>stru\u010dn\u00fd odstavec<\/li><li>konkuren\u010dn\u00ed v\u00fdhody<\/li><li>v\u00fdjime\u010dnost<\/li><\/ul>\n\n\n\n<p><strong>Co nab\u00edz\u00edme<\/strong>&nbsp;\u2013 oblast podnik\u00e1n\u00ed (produkty, slu\u017eby):<\/p>\n\n\n\n<ul class=\"wp-block-list\"><li>vyzdvihnout jedine\u010dn\u00e9 nab\u00eddky<\/li><li>nab\u00eddnout \u0159e\u0161en\u00ed pot\u0159eb<\/li><li>navrhnout slib<\/li><li>b\u00fdt konkr\u00e9tn\u00ed a&nbsp;stru\u010dn\u00fd<\/li><\/ul>\n\n\n\n<p>Ilustra\u010dn\u00ed fotografie<\/p>\n\n\n\n<p>Kontakt (stru\u010dn\u011b):<\/p>\n\n\n\n<ul class=\"wp-block-list\"><li>telefon<\/li><li>e-mail<\/li><li>otev\u00edrac\u00ed doba<\/li><li>adresa<\/li><\/ul>\n\n\n\n<p>Dostupnost<\/p>\n\n\n\n<ul class=\"wp-block-list\"><li>jak se&nbsp;k&nbsp;n\u00e1m dostanete (auto, MHD, p\u011b\u0161ky)<\/li><\/ul>\n\n\n\n<h2 class=\"wp-block-heading\">Str\u00e1nka \u201eO [n\u00e1zev organizace]\u201c (n\u00e1s)<\/h2>\n\n\n\n<p>C\u00edlem je <strong>ujistit n\u00e1v\u0161t\u011bvn\u00edka o&nbsp;\u00fasp\u011b\u0161n\u00e9m \u0159e\u0161en\u00ed jeho pot\u0159eb<\/strong>:<\/p>\n\n\n\n<ul class=\"wp-block-list\"><li>poutav\u00fd p\u0159\u00edb\u011bh od&nbsp;skromn\u00fdch za\u010d\u00e1tk\u016f, postupn\u00e9m zdokonalov\u00e1n\u00ed a\u017e&nbsp;po&nbsp;sou\u010dasn\u00fd \u00fasp\u011bch v\u010detn\u011b osobn\u00edch informac\u00edch (z\u00e1jmy, dovolen\u00e1, rodina, sport)<\/li><li>uve\u010fte d\u016fvody vzniku (motivace, inspirace), dobu trv\u00e1n\u00ed, \u00fasp\u011bchy, v\u00fdsledky, reference a&nbsp;seznam v\u00fdznamn\u00fdch klient\u016f<\/li><li>pro ned\u016fv\u011b\u0159iv\u00e9 vysv\u011btlete podstatu finan\u010dn\u00edho zisku (d\u016fvod slev a&nbsp;d\u00e1rk\u016f)<\/li><\/ul>\n\n\n\n<h2 class=\"wp-block-heading\">Obchod<\/h2>\n\n\n\n<ol class=\"wp-block-list\"><li><strong>Pokladna<\/strong><\/li><li>V\u00fdzva k&nbsp;akci<\/li><li>Produkty\/Slu\u017eby<\/li><li>Objedn\u00e1vka<\/li><li>Pod\u011bkov\u00e1n\u00ed<\/li><\/ol>\n","protected":false},"excerpt":{"rendered":"<p>Navigace&nbsp;umo\u017e\u0148uje&nbsp;propojit obsah: zp\u0159\u00edstup\u0148uje p\u0159ehlednou strukturu nejd\u016fle\u017eit\u011bj\u0161\u00edch oblast\u00ed webu nab\u00edz\u00ed n\u00e1v\u0161t\u011bvn\u00edk\u016fm orienta\u010dn\u00ed pl\u00e1n (mapu webu) Kontaktn\u00ed str\u00e1nka (podrobn\u011b) Firma: n\u00e1zev, adresa, fotografie budovy, telefon, kontaktn\u00ed formul\u00e1\u0159 (e-mail) v\u010detn\u011b p\u0159\u00edloh, chat soci\u00e1ln\u00ed s\u00edt\u011b (Facebook, Twitter, LinkedIn) provozn\u00ed doba doprava (MHD, auto, p\u011b\u0161ky), mo\u017enosti parkov\u00e1n\u00ed Kontaktn\u00ed osoby: fotografie, jm\u00e9no, funkce, odpov\u011bdnost, vzd\u011bl\u00e1n\u00ed, specializace, zku\u0161enosti, projekty, p\u0159edchoz\u00ed zam\u011bstn\u00e1n\u00ed, bydli\u0161t\u011b &hellip; <\/p>\n<p class=\"link-more\"><a href=\"https:\/\/swo.vavyskov.cz\/wordpress\/uspesny-web\/navrh\/navigace\/\" class=\"more-link\">Pokra\u010dovat ve&nbsp;\u010dten\u00ed<span class=\"screen-reader-text\"> &#8220;Navigace&#8221;<\/span><\/a><\/p>\n","protected":false},"author":1,"featured_media":510,"parent":77,"menu_order":2,"comment_status":"closed","ping_status":"closed","template":"page_no-featured-image.php","meta":{"advgb_blocks_editor_width":"","advgb_blocks_columns_visual_guide":"","footnotes":""},"class_list":["post-194","page","type-page","status-publish","has-post-thumbnail","hentry"],"yoast_head":"<!-- This site is optimized with the Yoast SEO plugin v27.0 - https:\/\/yoast.com\/product\/yoast-seo-wordpress\/ -->\n<title>Navigace - Spr\u00e1va webov\u00e9ho obsahu<\/title>\n<meta name=\"robots\" content=\"index, follow, max-snippet:-1, max-image-preview:large, max-video-preview:-1\" \/>\n<link rel=\"canonical\" href=\"https:\/\/swo.vavyskov.cz\/wordpress\/uspesny-web\/navrh\/navigace\/\" \/>\n<meta property=\"og:locale\" content=\"cs_CZ\" \/>\n<meta property=\"og:type\" content=\"article\" \/>\n<meta property=\"og:title\" content=\"Navigace - Spr\u00e1va webov\u00e9ho obsahu\" \/>\n<meta property=\"og:description\" content=\"Navigace&nbsp;umo\u017e\u0148uje&nbsp;propojit obsah: zp\u0159\u00edstup\u0148uje p\u0159ehlednou strukturu nejd\u016fle\u017eit\u011bj\u0161\u00edch oblast\u00ed webu nab\u00edz\u00ed n\u00e1v\u0161t\u011bvn\u00edk\u016fm orienta\u010dn\u00ed pl\u00e1n (mapu webu) Kontaktn\u00ed str\u00e1nka (podrobn\u011b) Firma: n\u00e1zev, adresa, fotografie budovy, telefon, kontaktn\u00ed formul\u00e1\u0159 (e-mail) v\u010detn\u011b p\u0159\u00edloh, chat soci\u00e1ln\u00ed s\u00edt\u011b (Facebook, Twitter, LinkedIn) provozn\u00ed doba doprava (MHD, auto, p\u011b\u0161ky), mo\u017enosti parkov\u00e1n\u00ed Kontaktn\u00ed osoby: fotografie, jm\u00e9no, funkce, odpov\u011bdnost, vzd\u011bl\u00e1n\u00ed, specializace, zku\u0161enosti, projekty, p\u0159edchoz\u00ed zam\u011bstn\u00e1n\u00ed, bydli\u0161t\u011b &hellip; Pokra\u010dovat ve \u010dten\u00ed &quot;Navigace&quot;\" \/>\n<meta property=\"og:url\" content=\"https:\/\/swo.vavyskov.cz\/wordpress\/uspesny-web\/navrh\/navigace\/\" \/>\n<meta property=\"og:site_name\" content=\"Spr\u00e1va webov\u00e9ho obsahu\" \/>\n<meta property=\"article:modified_time\" content=\"2020-03-01T20:34:36+00:00\" \/>\n<meta property=\"og:image\" content=\"https:\/\/swo.vavyskov.cz\/wordpress\/wp-content\/uploads\/2020\/02\/navigace-scaled.jpeg\" \/>\n\t<meta property=\"og:image:width\" content=\"2048\" \/>\n\t<meta property=\"og:image:height\" content=\"1536\" \/>\n\t<meta property=\"og:image:type\" content=\"image\/jpeg\" \/>\n<meta name=\"twitter:card\" content=\"summary_large_image\" \/>\n<meta name=\"twitter:label1\" content=\"Odhadovan\u00e1 doba \u010dten\u00ed\" \/>\n\t<meta name=\"twitter:data1\" content=\"2 minuty\" \/>\n<script type=\"application\/ld+json\" class=\"yoast-schema-graph\">{\"@context\":\"https:\/\/schema.org\",\"@graph\":[{\"@type\":\"WebPage\",\"@id\":\"https:\/\/swo.vavyskov.cz\/wordpress\/uspesny-web\/navrh\/navigace\/\",\"url\":\"https:\/\/swo.vavyskov.cz\/wordpress\/uspesny-web\/navrh\/navigace\/\",\"name\":\"Navigace - Spr\u00e1va webov\u00e9ho obsahu\",\"isPartOf\":{\"@id\":\"https:\/\/swo.vavyskov.cz\/wordpress\/#website\"},\"primaryImageOfPage\":{\"@id\":\"https:\/\/swo.vavyskov.cz\/wordpress\/uspesny-web\/navrh\/navigace\/#primaryimage\"},\"image\":{\"@id\":\"https:\/\/swo.vavyskov.cz\/wordpress\/uspesny-web\/navrh\/navigace\/#primaryimage\"},\"thumbnailUrl\":\"https:\/\/swo.vavyskov.cz\/wordpress\/wp-content\/uploads\/2020\/02\/navigace-scaled.jpeg\",\"datePublished\":\"2018-05-18T10:26:39+00:00\",\"dateModified\":\"2020-03-01T20:34:36+00:00\",\"breadcrumb\":{\"@id\":\"https:\/\/swo.vavyskov.cz\/wordpress\/uspesny-web\/navrh\/navigace\/#breadcrumb\"},\"inLanguage\":\"cs\",\"potentialAction\":[{\"@type\":\"ReadAction\",\"target\":[\"https:\/\/swo.vavyskov.cz\/wordpress\/uspesny-web\/navrh\/navigace\/\"]}]},{\"@type\":\"ImageObject\",\"inLanguage\":\"cs\",\"@id\":\"https:\/\/swo.vavyskov.cz\/wordpress\/uspesny-web\/navrh\/navigace\/#primaryimage\",\"url\":\"https:\/\/swo.vavyskov.cz\/wordpress\/wp-content\/uploads\/2020\/02\/navigace-scaled.jpeg\",\"contentUrl\":\"https:\/\/swo.vavyskov.cz\/wordpress\/wp-content\/uploads\/2020\/02\/navigace-scaled.jpeg\",\"width\":2048,\"height\":1536,\"caption\":\"Navigace\"},{\"@type\":\"BreadcrumbList\",\"@id\":\"https:\/\/swo.vavyskov.cz\/wordpress\/uspesny-web\/navrh\/navigace\/#breadcrumb\",\"itemListElement\":[{\"@type\":\"ListItem\",\"position\":1,\"name\":\"Dom\u016f\",\"item\":\"https:\/\/swo.vavyskov.cz\/wordpress\/\"},{\"@type\":\"ListItem\",\"position\":2,\"name\":\"\u00dasp\u011b\u0161n\u00fd web\",\"item\":\"https:\/\/swo.vavyskov.cz\/wordpress\/uspesny-web\/\"},{\"@type\":\"ListItem\",\"position\":3,\"name\":\"N\u00e1vrh\",\"item\":\"https:\/\/swo.vavyskov.cz\/wordpress\/uspesny-web\/navrh\/\"},{\"@type\":\"ListItem\",\"position\":4,\"name\":\"Navigace\"}]},{\"@type\":\"WebSite\",\"@id\":\"https:\/\/swo.vavyskov.cz\/wordpress\/#website\",\"url\":\"https:\/\/swo.vavyskov.cz\/wordpress\/\",\"name\":\"Spr\u00e1va webov\u00e9ho obsahu\",\"description\":\"Tvo\u0159\u00edme \u00fasp\u011b\u0161n\u00fd web\",\"publisher\":{\"@id\":\"https:\/\/swo.vavyskov.cz\/wordpress\/#organization\"},\"potentialAction\":[{\"@type\":\"SearchAction\",\"target\":{\"@type\":\"EntryPoint\",\"urlTemplate\":\"https:\/\/swo.vavyskov.cz\/wordpress\/?s={search_term_string}\"},\"query-input\":{\"@type\":\"PropertyValueSpecification\",\"valueRequired\":true,\"valueName\":\"search_term_string\"}}],\"inLanguage\":\"cs\"},{\"@type\":\"Organization\",\"@id\":\"https:\/\/swo.vavyskov.cz\/wordpress\/#organization\",\"name\":\"Velitelstv\u00ed v\u00fdcviku \u2013 Vojensk\u00e1 akademie Vy\u0161kov\",\"url\":\"https:\/\/swo.vavyskov.cz\/wordpress\/\",\"logo\":{\"@type\":\"ImageObject\",\"inLanguage\":\"cs\",\"@id\":\"https:\/\/swo.vavyskov.cz\/wordpress\/#\/schema\/logo\/image\/\",\"url\":\"https:\/\/swo.vavyskov.cz\/wordpress\/wp-content\/uploads\/2018\/04\/kontakt.png\",\"contentUrl\":\"https:\/\/swo.vavyskov.cz\/wordpress\/wp-content\/uploads\/2018\/04\/kontakt.png\",\"width\":487,\"height\":640,\"caption\":\"Velitelstv\u00ed v\u00fdcviku \u2013 Vojensk\u00e1 akademie Vy\u0161kov\"},\"image\":{\"@id\":\"https:\/\/swo.vavyskov.cz\/wordpress\/#\/schema\/logo\/image\/\"}}]}<\/script>\n<!-- \/ Yoast SEO plugin. -->","yoast_head_json":{"title":"Navigace - Spr\u00e1va webov\u00e9ho obsahu","robots":{"index":"index","follow":"follow","max-snippet":"max-snippet:-1","max-image-preview":"max-image-preview:large","max-video-preview":"max-video-preview:-1"},"canonical":"https:\/\/swo.vavyskov.cz\/wordpress\/uspesny-web\/navrh\/navigace\/","og_locale":"cs_CZ","og_type":"article","og_title":"Navigace - Spr\u00e1va webov\u00e9ho obsahu","og_description":"Navigace&nbsp;umo\u017e\u0148uje&nbsp;propojit obsah: zp\u0159\u00edstup\u0148uje p\u0159ehlednou strukturu nejd\u016fle\u017eit\u011bj\u0161\u00edch oblast\u00ed webu nab\u00edz\u00ed n\u00e1v\u0161t\u011bvn\u00edk\u016fm orienta\u010dn\u00ed pl\u00e1n (mapu webu) Kontaktn\u00ed str\u00e1nka (podrobn\u011b) Firma: n\u00e1zev, adresa, fotografie budovy, telefon, kontaktn\u00ed formul\u00e1\u0159 (e-mail) v\u010detn\u011b p\u0159\u00edloh, chat soci\u00e1ln\u00ed s\u00edt\u011b (Facebook, Twitter, LinkedIn) provozn\u00ed doba doprava (MHD, auto, p\u011b\u0161ky), mo\u017enosti parkov\u00e1n\u00ed Kontaktn\u00ed osoby: fotografie, jm\u00e9no, funkce, odpov\u011bdnost, vzd\u011bl\u00e1n\u00ed, specializace, zku\u0161enosti, projekty, p\u0159edchoz\u00ed zam\u011bstn\u00e1n\u00ed, bydli\u0161t\u011b &hellip; Pokra\u010dovat ve \u010dten\u00ed \"Navigace\"","og_url":"https:\/\/swo.vavyskov.cz\/wordpress\/uspesny-web\/navrh\/navigace\/","og_site_name":"Spr\u00e1va webov\u00e9ho obsahu","article_modified_time":"2020-03-01T20:34:36+00:00","og_image":[{"width":2048,"height":1536,"url":"https:\/\/swo.vavyskov.cz\/wordpress\/wp-content\/uploads\/2020\/02\/navigace-scaled.jpeg","type":"image\/jpeg"}],"twitter_card":"summary_large_image","twitter_misc":{"Odhadovan\u00e1 doba \u010dten\u00ed":"2 minuty"},"schema":{"@context":"https:\/\/schema.org","@graph":[{"@type":"WebPage","@id":"https:\/\/swo.vavyskov.cz\/wordpress\/uspesny-web\/navrh\/navigace\/","url":"https:\/\/swo.vavyskov.cz\/wordpress\/uspesny-web\/navrh\/navigace\/","name":"Navigace - Spr\u00e1va webov\u00e9ho obsahu","isPartOf":{"@id":"https:\/\/swo.vavyskov.cz\/wordpress\/#website"},"primaryImageOfPage":{"@id":"https:\/\/swo.vavyskov.cz\/wordpress\/uspesny-web\/navrh\/navigace\/#primaryimage"},"image":{"@id":"https:\/\/swo.vavyskov.cz\/wordpress\/uspesny-web\/navrh\/navigace\/#primaryimage"},"thumbnailUrl":"https:\/\/swo.vavyskov.cz\/wordpress\/wp-content\/uploads\/2020\/02\/navigace-scaled.jpeg","datePublished":"2018-05-18T10:26:39+00:00","dateModified":"2020-03-01T20:34:36+00:00","breadcrumb":{"@id":"https:\/\/swo.vavyskov.cz\/wordpress\/uspesny-web\/navrh\/navigace\/#breadcrumb"},"inLanguage":"cs","potentialAction":[{"@type":"ReadAction","target":["https:\/\/swo.vavyskov.cz\/wordpress\/uspesny-web\/navrh\/navigace\/"]}]},{"@type":"ImageObject","inLanguage":"cs","@id":"https:\/\/swo.vavyskov.cz\/wordpress\/uspesny-web\/navrh\/navigace\/#primaryimage","url":"https:\/\/swo.vavyskov.cz\/wordpress\/wp-content\/uploads\/2020\/02\/navigace-scaled.jpeg","contentUrl":"https:\/\/swo.vavyskov.cz\/wordpress\/wp-content\/uploads\/2020\/02\/navigace-scaled.jpeg","width":2048,"height":1536,"caption":"Navigace"},{"@type":"BreadcrumbList","@id":"https:\/\/swo.vavyskov.cz\/wordpress\/uspesny-web\/navrh\/navigace\/#breadcrumb","itemListElement":[{"@type":"ListItem","position":1,"name":"Dom\u016f","item":"https:\/\/swo.vavyskov.cz\/wordpress\/"},{"@type":"ListItem","position":2,"name":"\u00dasp\u011b\u0161n\u00fd web","item":"https:\/\/swo.vavyskov.cz\/wordpress\/uspesny-web\/"},{"@type":"ListItem","position":3,"name":"N\u00e1vrh","item":"https:\/\/swo.vavyskov.cz\/wordpress\/uspesny-web\/navrh\/"},{"@type":"ListItem","position":4,"name":"Navigace"}]},{"@type":"WebSite","@id":"https:\/\/swo.vavyskov.cz\/wordpress\/#website","url":"https:\/\/swo.vavyskov.cz\/wordpress\/","name":"Spr\u00e1va webov\u00e9ho obsahu","description":"Tvo\u0159\u00edme \u00fasp\u011b\u0161n\u00fd web","publisher":{"@id":"https:\/\/swo.vavyskov.cz\/wordpress\/#organization"},"potentialAction":[{"@type":"SearchAction","target":{"@type":"EntryPoint","urlTemplate":"https:\/\/swo.vavyskov.cz\/wordpress\/?s={search_term_string}"},"query-input":{"@type":"PropertyValueSpecification","valueRequired":true,"valueName":"search_term_string"}}],"inLanguage":"cs"},{"@type":"Organization","@id":"https:\/\/swo.vavyskov.cz\/wordpress\/#organization","name":"Velitelstv\u00ed v\u00fdcviku \u2013 Vojensk\u00e1 akademie Vy\u0161kov","url":"https:\/\/swo.vavyskov.cz\/wordpress\/","logo":{"@type":"ImageObject","inLanguage":"cs","@id":"https:\/\/swo.vavyskov.cz\/wordpress\/#\/schema\/logo\/image\/","url":"https:\/\/swo.vavyskov.cz\/wordpress\/wp-content\/uploads\/2018\/04\/kontakt.png","contentUrl":"https:\/\/swo.vavyskov.cz\/wordpress\/wp-content\/uploads\/2018\/04\/kontakt.png","width":487,"height":640,"caption":"Velitelstv\u00ed v\u00fdcviku \u2013 Vojensk\u00e1 akademie Vy\u0161kov"},"image":{"@id":"https:\/\/swo.vavyskov.cz\/wordpress\/#\/schema\/logo\/image\/"}}]}},"coauthors":[],"author_meta":{"author_link":"https:\/\/swo.vavyskov.cz\/wordpress\/author\/swowp\/","display_name":"SWO"},"relative_dates":{"created":"Posted 8 roky ago","modified":"Updated 6 roky ago"},"absolute_dates":{"created":"Posted on 18. 5. 2018","modified":"Updated on 1. 3. 2020"},"absolute_dates_time":{"created":"Posted on 18. 5. 2018 12:26","modified":"Updated on 1. 3. 2020 21:34"},"featured_img_caption":"","featured_img":"https:\/\/swo.vavyskov.cz\/wordpress\/wp-content\/uploads\/2020\/02\/navigace-scaled.jpeg","series_order":"","_links":{"self":[{"href":"https:\/\/swo.vavyskov.cz\/wordpress\/wp-json\/wp\/v2\/pages\/194","targetHints":{"allow":["GET"]}}],"collection":[{"href":"https:\/\/swo.vavyskov.cz\/wordpress\/wp-json\/wp\/v2\/pages"}],"about":[{"href":"https:\/\/swo.vavyskov.cz\/wordpress\/wp-json\/wp\/v2\/types\/page"}],"author":[{"embeddable":true,"href":"https:\/\/swo.vavyskov.cz\/wordpress\/wp-json\/wp\/v2\/users\/1"}],"replies":[{"embeddable":true,"href":"https:\/\/swo.vavyskov.cz\/wordpress\/wp-json\/wp\/v2\/comments?post=194"}],"version-history":[{"count":8,"href":"https:\/\/swo.vavyskov.cz\/wordpress\/wp-json\/wp\/v2\/pages\/194\/revisions"}],"predecessor-version":[{"id":957,"href":"https:\/\/swo.vavyskov.cz\/wordpress\/wp-json\/wp\/v2\/pages\/194\/revisions\/957"}],"up":[{"embeddable":true,"href":"https:\/\/swo.vavyskov.cz\/wordpress\/wp-json\/wp\/v2\/pages\/77"}],"wp:featuredmedia":[{"embeddable":true,"href":"https:\/\/swo.vavyskov.cz\/wordpress\/wp-json\/wp\/v2\/media\/510"}],"wp:attachment":[{"href":"https:\/\/swo.vavyskov.cz\/wordpress\/wp-json\/wp\/v2\/media?parent=194"}],"curies":[{"name":"wp","href":"https:\/\/api.w.org\/{rel}","templated":true}]}}